Suppose -4*z + 0*z = 0. What is the units digit of 1 - (-1 + 1) - z?
1
Suppose -4*g + 38 = -4*f - 14, -4*g = -5*f - 52. Let y = g + -3. What is the units digit of y?
0
What is the units digit of (-29)/(-1*(3 + -2))?
9
What is the tens digit of (-7 + 6/(-2))*-7?
7
Let p = 0 + 0. Let n be (-1)/(1 + p) + 8. Let h = n - 3. What is the units digit of h?
4
Let f = -5 + 9. Suppose -4*h = 5*g - 15, f*h + 2 = -18. What is the units digit of g?
7
Let o(d) be the first derivative of d**3/3 + 5*d**2/2 + 5*d - 2. Let s be o(-5). Suppose -2 - 3 = -s*h. What is the units digit of h?
1
Suppose 4*z - 9*o - 56 = -4*o, -z + 5*o = -14. What is the tens digit of z?
1
What is the units digit of ((-6)/(-4))/((-3)/(-54))?
7
Let s(t) = -7 + 11*t + 7*t**2 + t**3 - t**3 - 5 - t**3. Suppose -5*w + 23 = -17. What is the units digit of s(w)?
2
Suppose -97 = -s + 4*n + 6, s - 115 = n. What is the units digit of s?
9
What is the units digit of (-34)/(((-10)/(-6))/(-5))?
2
What is the tens digit of ((-6)/(-4))/(15/350)?
3
Suppose 21*x = 10*x + 2255. What is the hundreds digit of x?
2
Suppose -2*c = -5*c + 30. Suppose -4*b + c = b. Suppose -v + 30 = b*v. What is the tens digit of v?
1
Suppose -4*y + 18 = -2*f + f, 4*f - 23 = -3*y. Let h(g) = g**3 - 4*g**2 + 3*g - 5. What is the tens digit of h(y)?
3
Suppose -n = -4*n + 15. Suppose -5*g + 10 = -n*p, 0 = -g + 4*g - 2*p - 8. What is the units digit of g?
4
Let n = 0 - 1. Let d(q) = -12*q. What is the tens digit of d(n)?
1
Suppose 17*d = 14*d. Suppose d*c + 196 = 4*c. What is the units digit of c?
9
Suppose -28 = -2*f + b, -3*f - b = -0*b - 47. What is the units digit of (-3)/2*(-70)/f?
7
Suppose o - 98 = -o. Suppose 5*c + 0*t = 3*t + 57, 0 = 5*c - t - o. What is the units digit of c?
9
Let f = 16 + -11. Let z(x) = 2*x**3 + x**2 - 4*x + 4. Let s be z(3). Suppose 5*v = f + s. What is the tens digit of v?
1
Let f = -11 - -26. What is the units digit of f?
5
Let y = -5 + 3. Let g be y*1 + 2 - 0. Suppose -a - 5 + 15 = g. What is the units digit of a?
0
Suppose 0 = -0*v + 4*v - 120. What is the tens digit of v?
3
Let o = 2 + 0. Suppose 2*p = 3*g - 8 - 17, 24 = 4*g + o*p. Suppose 4*w = -g + 35. What is the units digit of w?
7
Suppose 0 = 4*b - 1 - 7. Let n(k) = 2*k**3 - 4*k**2 + 3*k. Let d be n(b). What is the units digit of (1 + -7)*(-3)/d?
3
Let m be (-2)/(-8) + 13/(-4). Let i be 2*5*1/2. Let p = m + i. What is the units digit of p?
2
Let g(c) = 10*c**2 + 2*c - 2. Let f be g(1). Let b = -6 + 15. Let w = f - b. What is the units digit of w?
1
Suppose 2*z + 10 = -3*z. Let s(k) be the first derivative of -5*k**2/2 + k + 1. What is the tens digit of s(z)?
1
Let q(u) be the second derivative of -u**6/360 - u**5/20 + u**4/6 + u. Let k(n) be the third derivative of q(n). What is the units digit of k(-6)?
6
Let a = 13 + -6. What is the units digit of a?
7
Suppose -2*b = 4*j - 22, 3*b = 4*j - j + 6. Suppose 0*x + 24 = j*x. Suppose -z + 4*m = -11, 3*z - 4*m - 17 = x. What is the units digit of z?
7
Let g(n) = -n**3 + 2*n**2 + 5*n + 2. Let p be g(-3). Let z = p - 12. What is the units digit of z?
0
Let u = 35 + -50. Let h = 15 - u. What is the tens digit of h?
3
Suppose -3*f + 2*o = -201, -f - 5*o = -56 + 6. What is the tens digit of f?
6
Suppose 5*n + 6 = 2*i + 6*n, 2*i - 10 = -3*n. Suppose u - 4 + i = 0. What is the tens digit of 25/u*8/10?
1
Let b = 28 + 20. What is the units digit of 4/(b/(-45))*-8?
0
Let t = 16 - 10. Let s = t + 2. What is the units digit of s?
8
Suppose -2*x = -0*v + v - 36, 0 = 3*v. What is the units digit of x?
8
Suppose -142 - 162 = -2*f. What is the hundreds digit of f?
1
Let a be ((-12)/10)/((-15)/50). Suppose 2*c - 3*p = 8 + 2, -a*c = 4*p - 20. Suppose 4*z - 2 = 4*l - 2*l, -10 = -c*z. What is the units digit of l?
3
Let x = 16 + -10. Let b = -4 + x. Suppose 1 + b = o. What is the units digit of o?
3
Let c(q) = q**2 - 2. Suppose o + 3*k = -3*o - 20, -o - k - 6 = 0. What is the units digit of c(o)?
2
Let z(b) = -5*b + 25. What is the units digit of z(-6)?
5
Suppose 7*n - 13*n + 1524 = 0. What is the hundreds digit of n?
2
Suppose 0*x - 12 = -3*x. What is the units digit of x?
4
Let f be ((-20)/(-6) - 3)*-15. What is the units digit of (-4)/(-10) + (-33)/f?
7
Let t(s) = s**3 + 4*s**2 - 5*s + 2. Let f be t(-5). Let c(w) = -w - 1 + f + 1. What is the units digit of c(0)?
2
Suppose 2*z - 4 = 2*p, 0 = 5*z - 3*z + 2*p - 4. Suppose 3*v + 5 = -z*v. Let h = 1 - v. What is the units digit of h?
2
Suppose 0 = 3*h - 0*h - 18. Suppose -3*g + 6*g - 120 = 0. Suppose -h*m + g = -m. What is the units digit of m?
8
Suppose -2*a = 5*f, 22 = 5*a + 3*f + 3. Suppose 6*q = a*q + 23. What is the units digit of q?
3
Let n(d) = d**2 - 4. Let q be n(3). Suppose -2*i = i + 3*l - 15, q*l = i + 7. Suppose -z + i*z = 12. What is the units digit of z?
6
Let a(p) = -p**3 - 10*p**2 + 5*p - 10. Let h be a(-8). What is the tens digit of h/(-10) + (-3)/(-15)?
1
Let v(u) = 4*u + 76. What is the tens digit of v(0)?
7
Let c be 3*-3 - (5 + -6). What is the tens digit of 4/c*(-37 - 1)?
1
Let x = -25 - -50. What is the units digit of x?
5
Let s = 49 + -87. Let l = -26 - s. Suppose -2 + l = 2*c. What is the units digit of c?
5
Suppose 0*v - 3*v + 178 = 2*t, -5*v + 269 = 3*t. What is the tens digit of t?
8
Let f = 22 - 12. What is the units digit of f?
0
Suppose 19*f - 405 = 16*f. What is the tens digit of f?
3
Let s be 2/(-9) - (-6)/27. Let i = s + 2. What is the units digit of i?
2
Suppose -5*o = -214 - 1. What is the units digit of o?
3
Suppose -48 = -3*d - d. Suppose 5*j - d + 2 = 0. What is the units digit of j?
2
Let p be 1*(-4 + (-30)/(-3)). Let u(y) = y**3 + 1 - 7*y + 1 - 5*y**2 + y. What is the units digit of u(p)?
2
Let l(h) = -h**2 - 4*h + 2. Let k be l(-3). Suppose -i = 5*o - 2, -k*i + 5*o - 7 = -17. What is the units digit of i?
2
Suppose q + 5 + 3 = 0. Let y = q - -1. Let h = y + 14. What is the units digit of h?
7
Let p(g) = -2*g - 4. Let w be p(-4). Suppose 0 = -3*i + 5*d + 16, -2*d - 27 = -4*i + 13. Suppose y - i = -w. What is the units digit of y?
8
Suppose 3*k + 20 = 2*a, k = -4*a - 3*k. Suppose -2*h = 0, 4*y - 5*h = 6*y - 4. Suppose -a*q = -y*u - 36, 2*q - u + 15 = 3*q. What is the units digit of q?
1
Suppose 5*o - 2*z - 41 = 0, 2*o - 2*z - 26 = 2*z. Suppose 2*u - o*u + 55 = 0. Let a = u + -3. What is the units digit of a?
8
Let v(i) = -i**2 - 8*i + 4. What is the units digit of v(-5)?
9
Let r(s) = -3*s + 8. Let l be r(12). What is the tens digit of (36/7)/((-6)/l)?
2
Let g = -34 - -55. What is the units digit of g?
1
Let z = -101 + 185. What is the units digit of z?
4
Let a(n) be the first derivative of n**3/3 + 2*n**2 + 6*n - 2. Let z be a(-5). Let q = z + -7. What is the units digit of q?
4
Suppose 30*x = 26*x + 32. What is the units digit of x?
8
Suppose -2 = -2*h + h. Suppose -w - w + 16 = 0. Suppose -h*l - 2 = -w. What is the units digit of l?
3
Suppose -7*b - b + 1520 = 0. What is the hundreds digit of b?
1
Let w = -63 - -104. What is the tens digit of w?
4
Let z(f) be the third derivative of f**6/120 + f**5/30 - f**4/12 - f**3/3 - 4*f**2. Let l be z(-3). What is the units digit of 4/l*50/(-4)?
0
Let v be (4/2 - 12)*-2. Suppose -4*d = m + 8, 8 = -4*m - 4*d - 0. Suppose m = -4*o - 0 + v. What is the units digit of o?
5
Suppose -2*f + 181 = -371. What is the units digit of f?
6
Let j(i) = -i**3 + 2*i**2 + 7*i - 2*i + 3 + 3*i - 4*i**2. What is the tens digit of j(-5)?
3
What is the tens digit of 98/21*90/7?
6
What is the units digit of (344 - 5 - -5) + 1?
5
Let b(q) = -q**2 + 9*q - 2. Let j be b(8). Let c = 5 + j. What is the tens digit of c?
1
Let t = 10 + -9. Let x = t - -15. What is the tens digit of x?
1
Let j be ((-1)/2 - 0)*4. Let y be 70 - (-5 - (0 + j)). Suppose y = 5*p + 18. What is the units digit of p?
1
Suppose f + 4*f = 200. What is the units digit of f?
0
Suppose -5*a = 5*v - 70, 2*v + 3*a = 44 - 15. What is the units digit of v?
3
Let o be (-26 - 3) + -2 + 4. Let g = o - -40. What is the tens digit of g?
1
Let v = -1 - -3. Let p = v - -1. Suppose 8 = p*b - 1. What is the units digit of b?
3
Let z = 229 - 40. What is the tens digit of z?
8
Suppose 0*f + 552 = 4*f. What is the hundreds digit of f?
1
Let w(r) = -2*r + 2*r - 2*r. Let q be w(-2). Suppose -c + 10 = -m + 3*c, -q*m = 2*c - 32. What is the units digit of m?
6
Su